 2*z - 8 = -5*x. Let l = -1 - z. Let u be h(l). What is the highest common factor of u and 88?
11
Let y be (-75)/90 + 1470/36. What is the greatest common factor of y and 10?
10
Let r be (-4)/((38/133)/(40/(-14))). Calculate the highest common divisor of 130 and r.
10
Let g = 5 - 4. Let f(m) = m**3 + 8*m**2 + 8*m + 16. Let l be f(-7). What is the highest common factor of g and l?
1
Suppose -3*i + 528 = -5*u + 1333, 4*u + 3*i - 644 = 0. What is the highest common divisor of 14 and u?
7
Let v be 13/(65/18) + (-6)/(-15). Calculate the highest common divisor of v and 4.
4
Suppose -4*o + 41 + 7 = 0. Suppose h - a - 1 = 3, 0 = 4*h + 5*a - 7. What is the greatest common divisor of o and h?
3
Suppose -2*v = -b + 70, -136 = -2*b - 0*v + 5*v. Let p = 87 - b. Calculate the highest common factor of 36 and p.
9
Suppose 2*n = -4*i + 2*i + 76, -3*i = -2*n + 96. Let a = 249 - 186. What is the highest common factor of n and a?
21
Let k = 332 + -468. Let u = -118 - k. What is the greatest common divisor of 18 and u?
18
Let w(p) = -p**2 - 13*p - 3. Suppose 3*q + 27 = -q + x, -5*q + 2*x = 36. Let m be w(q). Suppose -m = 3*s - 111. Calculate the greatest common factor of 3 and s.
3
Let r(y) = y**2 + 6*y - 4. Let x be r(-7). Let h(i) = -10 - i - 3 + 2*i**2 + 8. Let f be h(x). Calculate the greatest common factor of 10 and f.
10
Let k(o) = o**3 + 6*o**2 + 7*o + 1. Let j be k(-4). Let g(l) = 62*l + 23. Let n be g(j). What is the highest common divisor of 37 and n?
37
Suppose 2*q + 98*o - 40 = 96*o, -2*q - 5*o = -46. Calculate the highest common factor of q and 1926.
18
Suppose -24*x = -20*x + m - 6723, -5*x + m = -8406. Calculate the highest common divisor of 82 and x.
41
Suppose 2 - 12 = -2*b. Suppose -14 = -b*w - z + 1, 0 = w - z + 3. Let m = -9 + 13. Calculate the greatest common factor of m and w.
2
Let f(c) = -c**3 + 11*c**2 - 9*c - 9. Let y be f(10). Let s be y*4 - (5 + -17). What is the greatest common factor of s and 12?
4
Suppose 0 = 3*q - 104 - 106. Let y be 16 + -5 + 9 + -6. Calculate the greatest common divisor of y and q.
14
Suppose 85*b = -36*b + 7623. What is the highest common factor of b and 1197?
63
Let j(i) = -10*i - 30. Let x be j(-4). Calculate the highest common factor of 25 and x.
5
Let r = 5 - -1. Suppose -r*y = -9*y + 81. Let k(s) = -s**2 + 14*s - 39. Let b be k(6). Calculate the highest common factor of y and b.
9
Let o(k) = k**2 - 2*k + 19. Let q be o(9). Let m = -72 + q. Calculate the highest common factor of 35 and m.
5
Suppose 0 = 3*k - r + 5 - 10, 3*r - 27 = -5*k. Calculate the highest common factor of 23 and k.
1
Suppose 3 - 21 = w - 4*c, 0 = -4*w + 3*c - 20. Let l be (-39)/6*(w + 5 - 13). Calculate the highest common divisor of 5 and l.
5
Let o(s) = 2*s**2 - 37*s - 92. Let y be o(28). What is the highest common divisor of y and 50?
10
Let b = 27 - 2. Let p = b + -27. Let l be ((-8)/6)/(p/30). Calculate the highest common factor of 4 and l.
4
Let p = -234 - -297. What is the highest common factor of p and 693?
63
Let n = -356 - -391. What is the highest common divisor of 21 and n?
7
Let j = 311 + -281. Let y be (-1204)/(-16) + (-2)/8. What is the highest common divisor of j and y?
15
Let v(g) = -g + 1. Let r be v(-1). Let l(h) = 3*h**2 + r*h**2 - h**2. Let d be l(1). Calculate the highest common divisor of d and 24.
4
Suppose -4*u - 76 = -2*d - 0*u, u + 1 = 0. Suppose -6*q + 84 - d = 0. What is the greatest common divisor of 88 and q?
8
Suppose 4*c = 8*c - 208. Suppose -l - l + p = -62, 0 = 2*l + 4*p - c. Let r = 38 - l. What is the highest common divisor of 8 and r?
8
Let g = 861 - 489. Let i(t) = t**2 - t - 12. Let n be i(28). Suppose 3*u - g - 207 = -3*s, -4*u + 3*s = -n. What is the highest common factor of 21 and u?
21
Let m(u) = -47*u + 904. Let n be m(19). Calculate the highest common divisor of n and 583.
11
Let b = 14 - -10. Let a = b - 3. Let y = -8 + 15. Calculate the greatest common factor of a and y.
7
Suppose 0 = -7*a + 3*a - 304. Let b = -58 - a. Calculate the highest common divisor of 90 and b.
18
Suppose 0 = -2*y + 5*m + 35, 3*m + 30 + 0 = 3*y. Let h(b) = 27*b + 1. Let t be h(y). Let w = 1155 + -1138. What is the greatest common divisor of w and t?
17
Let o(x) = -5*x**2 + 115*x + 63. Let d be o(23). Calculate the highest common divisor of 28 and d.
7
Suppose 5*h = 2*j + 22, -h + j + 2*j - 6 = 0. Let d be ((-3)/(-2))/((-10)/(-40)). What is the highest common factor of h and d?
6
Suppose n = -0*b - 4*b + 80, -2*n - 4*b = -148. Calculate the highest common divisor of 306 and n.
34
Suppose -8950*a + 8945*a = -680. Let b(c) = c**2 + c + 5. Let h be b(-4). Calculate the greatest common divisor of h and a.
17
Let k(a) = a**3 + 19*a**2 - 6*a - 66. Let d be k(-19). Calculate the highest common divisor of d and 204.
12
Let i be 2/4 + -4 + (-210)/(-12). Suppose 12*r + 40 = i*r. What is the greatest common factor of 220 and r?
20
Let g(a) = -a**2 + 36*a + 50. Let k be g(35). What is the greatest common divisor of k and 5?
5
Let a = -2669 + 4436. Calculate the highest common factor of 38 and a.
19
Suppose 0 = -51*f - 14*f + 1040. Calculate the greatest common factor of f and 624.
16
Let d = 35 - 18. Suppose 3 = -3*u, 0*y + 5*u - d = -y. Suppose -724 = -7*s + 662. Calculate the greatest common divisor of s and y.
22
Let x = -35 + 39. Suppose -z = m - 3 - x, -3*z - 2*m + 22 = 0. What is the greatest common factor of z and 20?
4
Let j be 2/8 + (-1190)/(-40). Calculate the highest common divisor of j and 12.
6
Let d = -37 - -111. What is the greatest common divisor of 629 and d?
37
Suppose 0 = -c, b - c - 114 = 4*b. Let g = -17 - b. Suppose -756 = 2*p - 6*p. Calculate the greatest common divisor of g and p.
21
Suppose 25*z = 7*z + 1188. Calculate the highest common factor of 6 and z.
6
Suppose -3*h = 4*c - 636, 0*c + 3*c + 5*h - 488 = 0. Calculate the greatest common divisor of 4 and c.
4
Suppose 3*m - 8264 = -0*m - 2*u, -5*m + 13770 = 5*u. What is the highest common factor of 26 and m?
26
Let x be (-8)/(-8)*(104 + 1). Suppose 2 + 2 = -4*h. Let p be h*(3 - 0 - 38). Calculate the highest common divisor of p and x.
35
Let f(z) = z**3 + z**2 + 1. Let c(r) = 4*r**3 - 4*r**2 + 2*r. Let x(m) = c(m) - 2*f(m). Let k be x(5). Calculate the greatest common factor of k and 18.
18
Let f(k) = -k**2 + 28*k + 63. Let w be f(30). Calculate the highest common factor of w and 183.
3
Suppose -5*j - 2*g + 18 = 0, 0*g = -2*g + 8. Let k be (-21)/j*(-24)/14. Calculate the greatest common divisor of 144 and k.
18
Let k(w) = 62*w + 309. Let c be k(22). Calculate the highest common divisor of 7 and c.
7
Suppose 10 = -5*m + 5*s, -3*m - 18 = 2*m + 3*s. Let t = -4 + 6. Let r be -11*(-2)/t - m. Calculate the greatest common divisor of 42 and r.
14
Let d(r) = 4*r**2 + 4. Let v be d(-3). Suppose 86 - v = 2*o. What is the highest common factor of 161 and o?
23
Suppose 90 = 5*a + 10. Suppose -7*p = -5*p - 8. Suppose -3*c - 35 = -5*x, p*c + 14 + 6 = 0. Calculate the greatest common divisor of x and a.
4
Suppose 3 - 10 = -c + y, 17 = -c - 5*y. Let n(k) = 10*k + 183. Let x be n(-18). Calculate the highest common factor of x and c.
3
Suppose -4 + 6 = u. Suppose 4*j = -a + 25 + 4, 6 = -u*a. Suppose -36 = -j*f + 4*f. Calculate the greatest common factor of 63 and f.
9
Suppose 4*u - 3*a - 311 + 45 = 0, -2*u + 132 = -a. Calculate the greatest common divisor of 117 and u.
13
Let l be -5*(-4)/((-100)/165). Let q = l + 42. Calculate the greatest common factor of 36 and q.
9
Suppose 2*x = -3337 + 3365. Calculate the highest common factor of x and 749.
7
Let k be 538/10 + (-486)/(-405). Calculate the greatest common divisor of k and 105.
5
Let t be 6565/65 - 6/1. What is the greatest common divisor of t and 152?
19
Let t(x) = -x - 13. Let w be t(-4). Let c be -958*(1 - w/6). Let z be c/(-20) - 1/(-4). What is the highest common divisor of z and 12?
12
Let x(d) = 4*d**3 - 3*d**2 + d + 4. Let w be ((-6)/(-14))/((-5)/(-35)). Suppose -w = -p - 0. Let b be x(p). Calculate the greatest common factor of b and 22.
22
Suppose 986*w = -2*c + 991*w + 8, -5*c + 3*w + 20 = 0. Let g = 32 + -12. Calculate the greatest common divisor of g and c.
4
Suppose -2*m = 3*m - 340. Suppose -4*b + 408 = m. What is the highest common factor of b and 34?
17
Let l(o) = 9*o - 3. Let y be l(7). Let m be 6/(